{"id":2,"date":"2023-04-11T17:55:44","date_gmt":"2023-04-11T17:55:44","guid":{"rendered":"https:\/\/mexicotoxico.org.mx\/noticias\/?page_id=2"},"modified":"2023-04-14T00:29:16","modified_gmt":"2023-04-14T00:29:16","slug":"sample-page","status":"publish","type":"page","link":"https:\/\/mexicotoxico.org.mx\/noticias\/index.php\/sample-page\/","title":{"rendered":"Territorios Colapsados"},"content":{"rendered":"\n<p>El pa\u00eds recicla poco m\u00e1s del 6% de estos residuos, que colapsan los ecosistemas. Los expertos coinciden en que, adem\u00e1s de reciclar, tambi\u00e9n hay que producir menos<\/p>\n\n\n\n<p>La producci\u00f3n de alimentos, as\u00ed como la fabricaci\u00f3n y el consumo de bienes para el hogar y la industria son ejemplos de actividades cotidianas que producen una gran variedad de residuos. Dependiendo de su composici\u00f3n, tasa de generaci\u00f3n y manejo, pueden tener efectos muy diversos en la poblaci\u00f3n y en el ambiente llegando, en algunos casos, a ser altamente peligrosos, sobre todo cuando involucran compuestos t\u00f3xicos que se manejan de manera inadecuada (ver el recuadro&nbsp;<a href=\"https:\/\/apps1.semarnat.gob.mx:8443\/dgeia\/informe18\/tema\/recuadros\/recuadro7_1.html\">Consecuencias ambientales y en la salud de la disposici\u00f3n inadecuada de los residuos s\u00f3lidos urbanos<\/a>, en el Informe de la Situaci\u00f3n del Medio Ambiente, edici\u00f3n 2015; Semarnat, 2016).<\/p>\n\n\n\n<p>Adem\u00e1s de que el manejo inadecuado de residuos genera una fuerte presi\u00f3n sobre el ambiente, su gran volumen de generaci\u00f3n tambi\u00e9n se ve ligado a la discusi\u00f3n sobre la fabricaci\u00f3n y el consumo sostenible, espec\u00edficamente cuando se aborda el uso de los recursos naturales y energ\u00e9ticos necesarios para producir todos los materiales y bienes que terminar\u00e1n por convertirse en residuos. De esta manera, la gesti\u00f3n integral de los residuos, adem\u00e1s de procurar reducir su generaci\u00f3n y conseguir su adecuada disposici\u00f3n final, tambi\u00e9n puede dar como resultado colateral la reducci\u00f3n, tanto de la extracci\u00f3n de recursos (evitando su agotamiento), como de la energ\u00eda y el agua que se utilizan para producirlos, as\u00ed como la disminuci\u00f3n de la emisi\u00f3n de gases de efecto invernadero.<\/p>\n\n\n\n<p>Los residuos se definen formalmente como los materiales o productos que se desechan ya sea en estado s\u00f3lido, semis\u00f3lido, l\u00edquido o gaseoso, que se contienen en recipientes o dep\u00f3sitos, y que necesitan estar sujetos a tratamiento o disposici\u00f3n final con base en lo dispuesto en la Ley General para la Prevenci\u00f3n y Gesti\u00f3n Integral de los Residuos (LGPGIR; DOF, 2003), y se clasifican de acuerdo a sus caracter\u00edsticas y or\u00edgenes en tres grupos: residuos s\u00f3lidos urbanos (RSU), residuos de manejo especial (RME) y residuos peligrosos (RP).<\/p>\n","protected":false},"excerpt":{"rendered":"<p>El pa\u00eds recicla poco m\u00e1s del 6% de estos residuos, que colapsan los ecosistemas. Los expertos coinciden en que, adem\u00e1s de reciclar, tambi\u00e9n hay que producir menos La producci\u00f3n de alimentos, as\u00ed como la fabricaci\u00f3n y el consumo de bienes para el hogar y la industria son ejemplos de actividades cotidianas que producen una gran&#8230;<\/p>\n","protected":false},"author":1,"featured_media":0,"parent":0,"menu_order":0,"comment_status":"closed","ping_status":"closed","template":"","meta":{"footnotes":""},"class_list":["post-2","page","type-page","status-publish","hentry"],"_links":{"self":[{"href":"https:\/\/mexicotoxico.org.mx\/noticias\/index.php\/wp-json\/wp\/v2\/pages\/2","targetHints":{"allow":["GET"]}}],"collection":[{"href":"https:\/\/mexicotoxico.org.mx\/noticias\/index.php\/wp-json\/wp\/v2\/pages"}],"about":[{"href":"https:\/\/mexicotoxico.org.mx\/noticias\/index.php\/wp-json\/wp\/v2\/types\/page"}],"author":[{"embeddable":true,"href":"https:\/\/mexicotoxico.org.mx\/noticias\/index.php\/wp-json\/wp\/v2\/users\/1"}],"replies":[{"embeddable":true,"href":"https:\/\/mexicotoxico.org.mx\/noticias\/index.php\/wp-json\/wp\/v2\/comments?post=2"}],"version-history":[{"count":2,"href":"https:\/\/mexicotoxico.org.mx\/noticias\/index.php\/wp-json\/wp\/v2\/pages\/2\/revisions"}],"predecessor-version":[{"id":107,"href":"https:\/\/mexicotoxico.org.mx\/noticias\/index.php\/wp-json\/wp\/v2\/pages\/2\/revisions\/107"}],"wp:attachment":[{"href":"https:\/\/mexicotoxico.org.mx\/noticias\/index.php\/wp-json\/wp\/v2\/media?parent=2"}],"curies":[{"name":"wp","href":"https:\/\/api.w.org\/{rel}","templated":true}]}}